 d. What are the prime factors of f?
7, 19
Let m be (-103)/(-3) - 2/(-3). Let j(z) = -z**3 - 9*z**2 - 15*z + 37. Let i be j(-8). Suppose -38*a = -m*a - i. List the prime factors of a.
31
Let g be 2 - (-6 - -3 - 0 - 1721). Let o = g + -1172. Let i = -344 + o. List the prime factors of i.
2, 3, 5, 7
Let c = 77 - 61. Suppose 11*g + c = -6. What are the prime factors of (g - 0)*(-6)/1?
2, 3
Let k(f) be the first derivative of 8*f**3/3 + 45*f**2/2 - 31*f - 35. List the prime factors of k(-19).
2, 7, 11, 13
What are the prime factors of -13 + (60950/5)/10?
2, 3, 67
Suppose 16472 = k - m, -29*k + 31*k - 32944 = 3*m. List the prime factors of k.
2, 29, 71
What are the prime factors of (275988/30)/(1/60*12)?
2, 109, 211
Let o = -9561 + 18170. List the prime factors of o.
8609
Suppose 861*y - 14 = 854*y. Let u be 1*(168*1 - 1). What are the prime factors of (u - -11)/(y - 0)?
89
Suppose -102*y + 177174 = -75*y. List the prime factors of y.
2, 17, 193
Let w be (294/12)/((-4)/208). Let c = 2214 + w. List the prime factors of c.
2, 5, 47
Let p(g) = g**3 - 11*g**2 - 44*g + 29. Let d be p(14). Let q(o) = 904*o**2 - 10*o + 10. List the prime factors of q(d).
2, 113
Let j(y) = -42*y**2 + 50*y**2 + 12*y - 20 + 21*y**2. List the prime factors of j(5).
3, 5, 17
Suppose -113726 + 75871 - 205577 = -9*f. What are the prime factors of f?
2, 3, 7, 23
Let l(t) = t**3 + 11*t**2 + 14*t + 67. Let g be l(-8). List the prime factors of (-225 - 1)*g/(-21).
2, 7, 113
Suppose -5*t + 94 + 146 = 0. Let v = t + -50. List the prime factors of 45/1*(v - -3).
3, 5
Suppose 4*h = 6*h - 8040. Suppose 3*f - h = -9*f. What are the prime factors of f?
5, 67
Let m = -118 - -346. Let d = 515 - 373. Let n = m - d. What are the prime factors of n?
2, 43
Suppose o = w + 2*w - 6679, 0 = -3*w - o + 6683. What are the prime factors of w?
17, 131
Suppose 5*m = -4*u + 99378, 6*m = 2*u + 7*m - 49680. What are the prime factors of u?
3, 17, 487
Let j(n) = -n**3 - 3*n**2 + 11*n + 11. Let a be j(-5). Let k(o) = 12*o + 23. List the prime factors of k(a).
5, 19
Suppose -5*x = -2*w + 24, x - 2*w + 13 = 5. Let j(n) = 25*n**2 - 2*n - 13. List the prime factors of j(x).
5, 79
Let n be 5 - (7 + -162 + -2). Let y = 381 - n. List the prime factors of y.
3, 73
Suppose -4*x = 3*k + 12, 0 = -x - 0*x - 4*k - 3. Let y(q) = 44*q**2 - 20*q - 38. What are the prime factors of y(x)?
2, 11, 19
Let w = -3458 - -12025. List the prime factors of w.
13, 659
Let h(b) = -b**3 + 99*b**2 + 1932*b - 141. What are the prime factors of h(113)?
39409
Let q be 238 - (3 + 0)/(-2 - -3). Let w = -140 + q. Suppose -32 = g - w. What are the prime factors of g?
3, 7
Let n(r) = r**3 - 9*r**2 - 16*r - 12. Let y be n(13). Suppose 2*m = 98 + y. List the prime factors of m.
277
Let y be ((-8)/(-20))/((-2)/(-10)). Suppose -2*a + 16 = -2*f, -f - y*a - 3*a = -10. What are the prime factors of ((-12)/f)/(1/10)?
2, 3
Let q(k) = k + 3. Let y be q(0). Suppose -9*n + y*n + 24 = 0. What are the prime factors of (-2)/((1 - 5)/n)?
2
Suppose 3*z + 15*z = 0. List the prime factors of (68/(-16) + 5 - z)*1436.
3, 359
Suppose -2*l = 4*m - 94, -4*l + 107 = 3*m - 56. Let y = 27 - l. Let i(z) = z**2 - 20*z - 22. List the prime factors of i(y).
2, 139
Suppose -3*r = -g + 46619, 4*r - 186348 = -3*g - g. What are the prime factors of g?
5, 9319
Let b = -57 + 44. Let w be (0 - (3 + (-1 - -9)))*b. Let y = w - 37. List the prime factors of y.
2, 53
Let j be 6/(60/(-2045))*-14. Suppose j = 7*p + 203. List the prime factors of p.
2, 5, 19
Let l be ((-66)/1)/(2/(-79)). Suppose 19*i = 17826 - l. List the prime factors of i.
3, 89
Let z be -456*28/(-8) - 2. Suppose -4*o - z = -5*f, -7*o + 5*o + 634 = 2*f. What are the prime factors of f?
2, 3, 53
Suppose -2*i - 3*i - 1123 = -3*k, 0 = -5*k - 5*i + 1805. Let x = -1139 - -1147. Suppose -x*w - 30 = -k. List the prime factors of w.
2, 3, 7
Let x(s) = 10*s + 8. Let p be x(2). Let a = p + -22. Suppose -313 = -3*z - i, 2*i + i = -a. What are the prime factors of z?
3, 5, 7
Let c be 82/(-2)*5/(5/3). Let m(d) = d**3 - 14*d**2 - 4*d + 18. Let l be m(14). Let f = l - c. List the prime factors of f.
5, 17
Suppose 3*p + p = 2*i - 4, i - 2 = -3*p. Let u(q) = -6*q + 115 + 3*q + 4*q + i*q**3 - 3*q. List the prime factors of u(0).
5, 23
Suppose 2*x + 8*x = 40. Suppose -x*o + 1125 = -159. What are the prime factors of o?
3, 107
Let a be (-1)/(((-5)/(-10))/(34/(-4))). Suppose -3*n - a = -104. What are the prime factors of n?
29
Suppose w - 5*h = 28853, -2*w - 33*h + 57694 = -31*h. What are the prime factors of w?
2, 3, 601
Suppose -2*u + 2*i + 109448 = 8*i, 2*u - 2*i - 109432 = 0. What are the prime factors of u?
2, 109, 251
Let r = -813 - -1552. Suppose -p + 3*q = -r, -4*q + 343 = -4*p + 3283. List the prime factors of p.
733
List the prime factors of 20/190 + 72/399 + 103164/7.
2, 7369
Let p(c) = -2*c - 5. Let t be -8 + 3 + 0 + 1. Let m be p(t). Suppose -5*x - 4*h + 44 = -77, -5*x - m*h + 117 = 0. List the prime factors of x.
3, 7
Suppose -3*n = 2*b - 6*b + 9072, b + 2*n - 2268 = 0. List the prime factors of (b/16 - 3) + 1/4.
139
Let g(i) = -27*i + 42. Let z be g(-31). Suppose 3*k + 685 = 4*v - z, 12 = 3*k. List the prime factors of v.
2, 197
What are the prime factors of -568*34/(204/(-90))?
2, 3, 5, 71
What are the prime factors of 5 + (-78926)/(-12) + (-5)/30?
2, 3, 1097
Let v(p) = p**3 + 13*p**2 - p - 4. Let o be v(-13). What are the prime factors of 2 + (43 - (-6 + o))?
2, 3, 7
Let h be 2/(56/1001) - (-1)/4. Let i = -33 + h. What are the prime factors of (i + -5)/(-1) + 45?
47
Suppose -26*d = -31*d + i + 29578, 0 = -d + 10*i + 5896. What are the prime factors of d?
2, 3, 17, 29
Suppose -4*s = -5*i + 4*i - 124, -4*s - i = -132. Suppose -13*l = -s*l + 1368. What are the prime factors of l?
2, 3
Let k be (-8 + -4)/(-2 - -3). Let w = 71 + -62. List the prime factors of (-2)/k*50*w.
3, 5
Suppose 10*n - 9 = 7*n, n - 597 = 3*l. Let a = 492 + l. What are the prime factors of a?
2, 3, 7
Suppose v - 3*v = 0. Let l be -1 - (v - 1) - -56. Suppose -8*b = -4*b - 4*d - 148, -l = -2*b - 4*d. What are the prime factors of b?
2, 17
Let f(s) = 16*s**3 - 5*s**2 + 9*s + 27. Let c(b) = -b**2 + b. Let k(g) = 2*c(g) - f(g). List the prime factors of k(-4).
29, 37
Suppose -9*f = -68 - 58. Suppose -t - 2*z = 2*z - 16, f = 2*t + 2*z. Suppose -m - t*m - 2*s + 645 = 0, 4*m - 2*s - 534 = 0. What are the prime factors of m?
131
Let r be (1 + -5)/2 - (-1989)/13. Suppose 146*d = r*d - 1760. Suppose -6*y + 1018 = d. What are the prime factors of y?
3, 37
Let h be (-3)/(1*-1*(-1)/(-7)). Let k(z) = 2*z - 11. Let n be k(h). Suppose -u + i = 6*i + 4, -u + 2*i = -n. List the prime factors of u.
3, 7
Let r(i) = 2178*i**2 - 22*i - 200. What are the prime factors of r(-6)?
2, 5, 3917
Let a = 2922 + -1840. Let j = a + -448. List the prime factors of j.
2, 317
List the prime factors of (7567/2)/((-1207)/68 + 18).
2, 7, 23, 47
Let t(s) = -s**2 + 113*s + 685. What are the prime factors of t(105)?
5, 61
Let y(x) = -173*x**3 - 5*x**2 + 20*x + 42. What are the prime factors of y(-5)?
2, 71, 151
Suppose 0 = s - 2, -s - 1799 - 4579 = -5*t. What are the prime factors of t?
2, 11, 29
List the prime factors of 437692/14 + (-4)/14 + (-48)/(-84).
2, 977
Let v(l) = 14*l + 6. Let p be v(-7). Let g = p - 164. Let d = 392 + g. List the prime factors of d.
2, 17
Suppose 0 = l + i + 13, l - 5*i + 23 = -2*l. Let z = 6 - l. Let m(g) = 5*g + 42. List the prime factors of m(z).
127
Suppose 0 = b + 4*y - 3493 - 3558, -2*b - 4*y + 14094 = 0. List the prime factors of b.
7043
Let u(x) = -89*x**3 - 3*x**2 - 2*x + 1. Let v be u(-1). Let j = v + -86. Suppose j*q - 274 = 209. What are the prime factors of q?
7, 23
Suppose 2*q - 38 = 10*f - 12*f, 5*f = -3*q + 95. Suppose f*h = 34*h - 5370. What are the prime factors of h?
2, 179
Let d = 94479 - 57474. List the prime factors of d.
3, 5, 2467
Let l = 50 + -47. Suppose 4*b - 59 = -l*n, 6*n - 76 = 2*n - 4*b. Suppose -83 = -4*o - 2*z - n, -5*o = -3*z - 55. List the prime factors of o.
2, 7
Suppose 2*q - 3*b - 692 = 0, q + 2*b - 1730 = -4*q. Suppose i = -2*g + 713, 0*g + q = g + 4*i. What are the prime factors of g?
2, 179
Let y be 160/72 - 3 - 4/18. List the prime factors of (2 - -580) + (-1)/1*y.
11, 53
Let r be 6/(6/21*(-28)/(-4)). Let b(q) = -2*q**2 + 23*q